{"id":254,"date":"2016-02-28T13:34:33","date_gmt":"2016-02-28T18:34:33","guid":{"rendered":"http:\/\/www.eugenia-gold.me\/?page_id=254"},"modified":"2016-02-28T13:34:33","modified_gmt":"2016-02-28T18:34:33","slug":"raphus-cucullatus","status":"publish","type":"page","link":"https:\/\/www.eugenia-gold.me\/?page_id=254","title":{"rendered":"<i>Raphus cucullatus<\/i>"},"content":{"rendered":"<p>[<a href=\"http:\/\/www.eugenia-gold.me\/?page_id=256\" target=\"_blank\">In the Press<\/a>]<\/p>\n<p>The dodo (<i>Raphus cucullatus<i>) is an giant, extinct, flightless pigeon from the island of Mauritius in the Indian Ocean. From the time Mauritius was discovered, dodos lasted less than 100 years before their extinction at human hands.<\/i><\/i><\/p>\n<p>We examined the brain of the dodo and several other pigeons and found that the dodo and its closest relative, the Rodrigues Solitaire (<i>Pezophaps solitairia<\/i>) both have enlarged olfactory bulbs, probably for sniffing out ripe fruit and buried prey. The dodo also had strangely shaped semicircular canals, for which a biological interpretation is lacking as no other bird shares this feature.<\/p>\n<p>We performed a brain volume to body size regression and found that the dodo fell on the line with other pigeons, meaning its brain size was proportional to its body size. Though there are more factors involved in intelligence, we used brain size as a rough proxy to support a level of intelligence for dodos similar to the common pigeon.<\/p>\n<p>[<a href=\"http:\/\/onlinelibrary.wiley.com\/doi\/10.1111\/zoj.12388\/abstract\" target=\"_blank\">Link to abstract<\/a>]<\/p>\n<p>_______________________<\/p>\n<p>[<a href=\"http:\/\/www.eugenia-gold.me\/?page_id=256\" target=\"_blank\">En la Prensa<\/a>]<\/p>\n<p>El dodo (<i>Raphus cucullatus<\/i>) es una paloma extinguida, enorme, y no voladora que viv\u00eda en la isla Mauricio en el oc\u00e9ano \u00cdndico. Desde el momento en que la isla de Mauricio fue hallado, el dodo dur\u00f3 menos que 100 a\u00f1os hasta su extinci\u00f3n a manos del hombre.<\/p>\n<p>Nosotros examinamos el cerebro del dodo y de otras especies de palomas y encontramos que el dodo y su pariente m\u00e1s cercano, el Rodrigues Solitaire (<i>Pezophaps solitaria<\/i>) tienen bulbos olfatorios engrandecidos, probablemente para encontrar fruta madura y otra comida escondida. El dodo tambi\u00e9n ten\u00eda canales semicirculares extra\u00f1os, caracter\u00edstica para lo cual no tenemos una interpretaci\u00f3n biol\u00f3gica de porqu\u00e9 otros p\u00e1jaros no la comparten.<\/p>\n<p>Realizamos una regresi\u00f3n de volumen cerebral contra tama\u00f1o corporal y encontramos que el cerebro dodo est\u00e1 en l\u00ednea con el de otras palomas, indicando que el tama\u00f1o del cerebro del dodo era proporcional al tama\u00f1o de su cuerpo. Aunque hay m\u00e1s factores involucrados en explicar la inteligencia, usamos el tama\u00f1o cerebral como una variable representativa que confirma un nivel de inteligencia para los dodos similar al de la paloma com\u00fan.<\/p>\n<p>[<a href=\"http:\/\/onlinelibrary.wiley.com\/doi\/10.1111\/zoj.12388\/abstract\" target=\"_blank\">P\u00e1gina con el resumen<\/a>]<\/p>\n","protected":false},"excerpt":{"rendered":"<p>[In the Press] The dodo (Raphus cucullatus) is an giant, extinct, flightless pigeon from the island of Mauritius in the Indian Ocean. From the time Mauritius was discovered, dodos lasted less than 100 years before their extinction at human hands. We examined the brain of the dodo and several other pigeons and found that the [&hellip;]<\/p>\n","protected":false},"author":1,"featured_media":0,"parent":0,"menu_order":8,"comment_status":"closed","ping_status":"closed","template":"","meta":{"footnotes":""},"class_list":["post-254","page","type-page","status-publish","hentry"],"_links":{"self":[{"href":"https:\/\/www.eugenia-gold.me\/index.php?rest_route=\/wp\/v2\/pages\/254","targetHints":{"allow":["GET"]}}],"collection":[{"href":"https:\/\/www.eugenia-gold.me\/index.php?rest_route=\/wp\/v2\/pages"}],"about":[{"href":"https:\/\/www.eugenia-gold.me\/index.php?rest_route=\/wp\/v2\/types\/page"}],"author":[{"embeddable":true,"href":"https:\/\/www.eugenia-gold.me\/index.php?rest_route=\/wp\/v2\/users\/1"}],"replies":[{"embeddable":true,"href":"https:\/\/www.eugenia-gold.me\/index.php?rest_route=%2Fwp%2Fv2%2Fcomments&post=254"}],"version-history":[{"count":5,"href":"https:\/\/www.eugenia-gold.me\/index.php?rest_route=\/wp\/v2\/pages\/254\/revisions"}],"predecessor-version":[{"id":265,"href":"https:\/\/www.eugenia-gold.me\/index.php?rest_route=\/wp\/v2\/pages\/254\/revisions\/265"}],"wp:attachment":[{"href":"https:\/\/www.eugenia-gold.me\/index.php?rest_route=%2Fwp%2Fv2%2Fmedia&parent=254"}],"curies":[{"name":"wp","href":"https:\/\/api.w.org\/{rel}","templated":true}]}}